ppose -5*q - 5*i = -31945, -1744 = -i - 1741. What is the units digit of q?
6
Let f = 9789 - 5675. What is the hundreds digit of f?
1
Let q be (-16)/(-8 + 12) + 4*1. Suppose 1 = 4*x + 13, 4*r - 5*x - 6819 = q. What is the thousands digit of r?
1
Let v = -5777 - -11292. What is the tens digit of v?
1
Suppose 2*i + o + 5411 = 21128, 3*i = -3*o + 23574. What is the tens digit of i?
5
Let h(q) be the first derivative of -q**4/4 + 16*q**3/3 + 2*q**2 - 51*q - 123. What is the hundreds digit of h(13)?
5
What is the hundreds digit of 18570*(-8)/(-16) - 13?
2
Suppose 7*l + 2*t + 21831 = 8*l, t = -5*l + 109232. What is the hundreds digit of l?
8
Let z be (2/2)/((3 + -1)/46). Let x(s) = -2*s**2 + 53*s + 15. Let u be x(z). Let q = -44 + u. What is the tens digit of q?
3
Let a = 36 + -21. Let p = a - 11. Suppose 0 = 6*x - p*x - 2*c - 22, -5*c + 25 = 0. What is the tens digit of x?
1
Let g be 90/14 + (-90)/210. What is the units digit of ((-71838)/12)/13*(-8)/g?
4
Suppose 0 = -5*p + 2*q + 2375, p - 4*q - 421 = 36. Let g = p - 181. What is the tens digit of g?
9
Let b(k) = 227*k**2 + 34*k + 44. Let d(s) = -76*s**2 - 12*s - 15. Let q(g) = 4*b(g) + 11*d(g). What is the hundreds digit of q(-3)?
6
Suppose 33*a + 168 = 25*a. What is the hundreds digit of (-5 - -37)/((-6)/a)?
1
Suppose 0 = -9*k + 14*k - 5*d - 115500, -92393 = -4*k + 5*d. What is the units digit of k?
7
Suppose 2*u = 6*u - 3*g - 33, 5*u - 4*g - 41 = 0. Suppose -u*v = 1309 - 5260. What is the hundreds digit of v?
4
Let s be (1/(-2))/((-9)/90). Suppose 0 = -5*w + 3*y + 68, 4*w + w + s*y - 100 = 0. Let g(d) = -d**2 + 23*d - 2. What is the units digit of g(w)?
0
What is the tens digit of (-819)/(-14)*-691*(-20)/45?
6
What is the thousands digit of (90/(-72)*(-744)/30)/((-1)/(-347))?
0
Let a = -12 - -130. Let u = -13 + a. What is the hundreds digit of u?
1
Suppose 0 = -11*j + 9*j + 4. Suppose 3*a = -3*h + 531, 5*h = h - 5*a + 713. Suppose 56 = -j*g + h. What is the units digit of g?
8
Suppose -6*p + 18461 = -4219. Suppose -47*s - p = -68*s. What is the hundreds digit of s?
1
Let g = 504 + -698. Let s = 7 + -10. What is the tens digit of 6/s*(g/4 - -1)?
9
Suppose 4*h - 2*h = -2, 5*a - 5*h = 15. Let z be -11 + 8 + (224 - a). Let j = z + 4. What is the tens digit of j?
2
Suppose -3*v + 48 + 33 = 4*n, -4*n + 84 = 4*v. Let o = 22 - n. Suppose -3*h = 2*d - 27, -o*h + 15 + 7 = 2*d. What is the tens digit of d?
2
Let q(l) = -146*l + 385. Let m be q(-17). Let r = 4916 - m. What is the tens digit of r?
4
Let z(o) = 4*o**2 - 57*o + 204. Let i(s) = -7*s**2 + 113*s - 409. Let k(x) = 3*i(x) + 5*z(x). What is the units digit of k(38)?
1
Suppose s - 100551 + 9005 = 2*l, -91586 = -s - 3*l. What is the tens digit of s?
6
Let x(b) = -3*b**3 + 2*b**2 + 2*b + 4796. What is the tens digit of x(0)?
9
Suppose -8*o = -28*o + 7760. Suppose 112*y - 114*y = -o. What is the hundreds digit of y?
1
Let h be 3854/6 - -5*5/(-75). Let g be 9/(189/h)*7. What is the hundreds digit of g/1 + -2 + -5 + 9?
2
Suppose 0 = -12*i - 8*i + 2*i + 248292. What is the units digit of i?
4
Suppose 0 = -3*g + 3*a + 27, 3*g + 3*a + 5 = 8. Suppose 810 = m + 4*l, -m + g*l - 137 = -911. What is the tens digit of m?
9
Suppose 3 = 4*y + 3*i - 0, -2*y = -2*i - 12. Suppose -4*p + 6519 = -y*v, -3*p + 5*v + 4903 = -0*p. What is the units digit of p?
6
Suppose -6*d + 18965 = u, 2892 - 21854 = -u - 5*d. What is the ten thousands digit of u?
1
Let c(t) = -t**3 - 15*t**2 - 22*t - 23. Let x be c(-17). Let f = -244 + x. What is the units digit of f?
5
Suppose -2*w + 1 - 5 = -4*v, v = -5*w - 10. What is the units digit of (-1111)/w + (-6 - (-33)/6)?
5
Suppose 0 = -8*g - 1037 + 1133. Suppose -n + 44 = 3*n. Suppose g*f - n*f - 242 = 0. What is the units digit of f?
2
Let k(j) = 14*j**2 + 3*j + 945. What is the units digit of k(-34)?
7
Let w(n) = -5117*n + 394. What is the hundreds digit of w(-1)?
5
Let q = -42 - -52. What is the hundreds digit of (-16 - -56)*38/q?
1
Let a(w) = 245*w - 166. Let d(p) = 244*p - 160. Let l(j) = -4*a(j) + 3*d(j). What is the hundreds digit of l(-4)?
1
Let b = 8974 + -1710. What is the hundreds digit of b?
2
What is the ten thousands digit of (-396256)/(-12) + 9 + 220/(-30)?
3
Let k(d) = -d**3 - 5*d**2 + 6. Let f be k(-5). Suppose f*a - 86 = 862. What is the tens digit of a?
5
Let m(n) = 104*n**2 - 56*n + 867. What is the thousands digit of m(-18)?
5
Let z(h) be the second derivative of -16*h**3/3 - 19*h**2/2 - 12*h. Let t be z(-7). Suppose -5*x + 10*x = t. What is the tens digit of x?
4
Let y(t) be the third derivative of t**4/8 - 16*t**3/3 + 6*t**2. Let k be y(10). Let n(j) = -46*j + 5. What is the tens digit of n(k)?
9
Let m be (-12485)/(-15) + 2/(-6). Let f = -337 + m. What is the units digit of f?
5
Let q = 2232 - 2226. Suppose -4*a + 5*a = 188. Suppose q*o - 10*o = -a. What is the units digit of o?
7
Let s(g) = -4*g + 72. Let y be s(-6). Suppose y = i - 297. What is the units digit of i?
3
Let k = 34 - 34. Suppose k = -15*d - 9 + 39. Suppose d*j + 65 = 319. What is the hundreds digit of j?
1
Suppose -3*h + 27875 = 324*n - 323*n, 4*n - 2*h - 111500 = 0. What is the ten thousands digit of n?
2
Suppose -3*t - 2121 = -3*z, 0 = 4*z + t - 1699 - 1089. What is the units digit of z?
9
Let h(u) = 120*u**2 + 4*u + 21. Let y be h(-5). Suppose 9*b - 3938 - y = 0. Let x = b - 529. What is the units digit of x?
2
Suppose 55*i - 53*i - 3*r - 10327 = 0, 3*i - 4*r - 15491 = 0. What is the thousands digit of i?
5
Suppose -5*b - 644 - 61 = 0. Let y = b + 248. What is the units digit of y?
7
Let g(u) = -15*u**3 - 5*u**2 + 21*u + 24. What is the ten thousands digit of g(-10)?
1
Suppose -7*l = -2*l + 4*h - 215, -3*h = 4*l - 173. Let a = -47 + l. Let f(k) = k**3 - k**2 + k + 22. What is the units digit of f(a)?
2
Let w = -67222 - -99329. What is the thousands digit of w?
2
Suppose -5*l + 22 = 3*i - 3*l, -5*i - 3*l + 36 = 0. Let r = 2811 - 2807. What is the tens digit of (-162)/r*(-8)/i?
5
Suppose 10*i = 6*i + 16. Suppose 0 = i*u - 266 + 78. Suppose 2*s + r = -23 + 72, 4*r + u = s. What is the units digit of s?
7
Suppose -53*b + 61*b - 36*b + 2078272 = 0. What is the tens digit of b?
2
Suppose 0 = 10*m - 2*m - 256. Suppose m*q - 620 = 30*q. What is the hundreds digit of q?
3
Let a = 296 + 2433. What is the tens digit of a?
2
Let z be -11*1 - (-9 + 5). Let n = z + 19. What is the units digit of ((-189)/n)/((-9)/48)?
4
Suppose -c = 3*i - 19219, i - 4*c - 6390 = -2*c. What is the thousands digit of i?
6
Let o(s) = 2*s**3 - 67*s**2 + 537*s + 30. What is the ten thousands digit of o(35)?
2
Suppose 4*u = 6 + 6. Suppose 2*g = 6*g - 20. Suppose -b - 678 = -5*f, -u*b = -g*f - 0*b + 684. What is the units digit of f?
5
Let y be 386/8*-1*-36. Suppose 4*r - y = -5*z, 0 = 4*z + 3*r + 353 - 1743. What is the tens digit of z?
4
Let d = 45157 - 31306. What is the ten thousands digit of d?
1
Suppose -139*a + 563605 = -419264. What is the hundreds digit of a?
0
Let z(n) = 5*n**2 - 16*n - 1614. What is the units digit of z(-43)?
9
Let x(y) = y**2 - 23*y - 45. Suppose 120 = 8*b - 96. Let p be x(b). Suppose p*c - 67*c + 528 = 0. What is the units digit of c?
2
Suppose -62*y + 55776 = -55*y. What is the tens digit of y?
6
Suppose 4*d - 1902 = 3202. Let p = -74 + d. What is the hundreds digit of p?
2
Suppose -52*z = -54*z + 15318. What is the units digit of z?
9
Let q = 35328 + -9997. What is the ten thousands digit of q?
2
Let c(s) = s**3 + 8*s**2 + 24*s + 32. What is the tens digit of c(17)?
6
Let m(t) be the first derivative of 7*t**4/4 + 2*t**3/3 + 5*t**2/2 + 4*t - 25. What is the hundreds digit of m(4)?
5
Let t = 535 - -687. What is the units digit of t?
2
Suppose 3156 = -15*x + 229731. What is the ten thousands digit of x?
1
Let u(k) = k**2 + 8. Let i be u(-3). Suppose 2*m + 4*h = -2, 5*m + 2*h - 44 = -i. Suppose 2*w + a - m = 28, -2*w + 5*a = -53. What is the units digit of w?
9
Let z(v) = 185*v**2 + 49*v - 23. What is the thousands digit of z(-6)?
6
Suppose -209895 = 7*w - 22*w. Let r be 3/(-7) + w/(-49). Let i = -76 - r. What is the units digit of i?
0
Let h = -38 - -84. Suppose 2*f - 106 = 2*o, f - 5*o - h = 27. Let t = 157 - f. What is the units digit of t?
9
Let i be (-4 + (-8)/(-3))*(-63)/6. Let w(v) = -20 - 3*v + 17*v**2 + v**3 + i*v - 5*v. What is the hundreds digit